/f.
6
Let z be -2 - 174 - (-7 + 11). Let a = 207 + z. What is the remainder when a is divided by 8?
3
Suppose 5*s = -3*v + 1342, 2*v + 307 = 2*s + 1159. What is the remainder when v is divided by 88?
82
Let h = 110 + -106. Suppose -5*k + 3*c = -k - 200, -31 = -k - h*c. Calculate the remainder when 70/(-4)*180/(-35) is divided by k.
43
Suppose -7*r = -10*r + 36. Let s be -4 + 4/(-2) + 14. Let x(d) = d**3 - 7*d**2 - 3*d - 19. Calculate the remainder when x(s) is divided by r.
9
Suppose 2*r + 4 + 2 = 0. Let a be (r*10)/(-2) - (-4)/2. Suppose -52*t + a = -51*t. What is the remainder when t is divided by 4?
1
What is the remainder when 349 is divided by 2501/15 + (-228)/(-855)?
15
Calculate the remainder when 2084 is divided by (14/2 - 21)*306/(-119).
32
Suppose 2278*n - 2277*n + i - 29 = 0, 2*n = -4*i + 40. Suppose -4*v + 12 = -424. Calculate the remainder when v is divided by n.
33
Let l = 499 - 497. Suppose -40*a + 35*a - l*y = -81, -4*y = 8. Let m(p) = -77*p + 1. What is the remainder when m(-1) is divided by a?
10
Let l = 24228 - 24087. Calculate the remainder when 574 is divided by l.
10
Suppose 508 = 5*k + 93. Suppose -11*o + 237 = 941. Let f = k + o. What is the remainder when 35 is divided by f?
16
Let w(z) = -311*z - 133. Calculate the remainder when 1460 is divided by w(-1).
36
Let p = -5870 - -5952. Calculate the remainder when 401 is divided by p.
73
Suppose -5*f + 4*z + 39 = 0, -5*z = 2*f + 20 - 29. What is the remainder when 937 is divided by f?
6
Suppose 4*w + 285 = -2*r + 7*r, 5*r - 3*w - 280 = 0. Calculate the remainder when 632 is divided by r.
49
Suppose 55*h = -1928 - 8137. Let i = h + 195. Let n(s) = 14*s + 2. What is the remainder when n(4) is divided by i?
10
What is the remainder when 53 + 6660/(-126) + (-354)/(-21) is divided by 8/6 + 6/9?
1
Let a = -337 - -342. Let z(l) = l**3 - 4*l**2 - 2*l + 8. Calculate the remainder when z(a) is divided by 14.
9
Suppose -3*y = 5*t - 157, 243*y - 63 = 241*y + 5*t. What is the remainder when 600 is divided by y?
28
What is the remainder when ((-117)/(-273) + (-9)/(-21))/((-2)/(-16982)) is divided by 10?
8
Let d(u) = 2*u**2 + 4*u - 5. Let b be d(-3). What is the remainder when (-18)/14 + b - 35002/(-154) is divided by 76?
75
Suppose -17*l = -6*l + 396. What is the remainder when 217 is divided by (-2695)/(-60) + (-3)/l?
37
What is the remainder when 166*-4*(-11)/22 is divided by 183?
149
Let o(k) be the third derivative of 39*k**5/10 - k**4/8 + k**3 - 2*k**2. Let y be o(2). Suppose -8*h + 248 = -y. What is the remainder when h is divided by 25?
23
Let i be 10*((-84)/(-135) + (-4)/18). Suppose 2*m + 94 = u, -i*m - u = 9 + 185. Let a = m + 82. What is the remainder when 135 is divided by a?
33
Let m = 131 + -131. Suppose m = s - 3*z - 7, -4*s + 4*z = -66 + 14. What is the remainder when 220 is divided by s?
12
Suppose 0 = -2*k - 20*v + 80, -9*k + 632 = -4*k - 4*v. What is the remainder when 1792 is divided by k?
112
Let t = 2066 - 2048. Suppose 2*q = n - 3*q - 65, 4*n - q - 336 = 0. Calculate the remainder when n is divided by t.
13
Let u(o) = -2*o**2 + 21288*o + 1 - 26 - 21264*o + 3. What is the remainder when 237 is divided by u(7)?
45
Let r = 171 + 90. Let l(u) = u**2 - 62*u - 426. What is the remainder when l(69) is divided by r/(-6)*2/(-3)?
28
Let l(v) = 3*v**2 + 15*v + 9. Suppose 10*s = 5*s - 15. Let w be 7/(-3 + (-1 - s)). Calculate the remainder when l(w) is divided by 27.
24
Let r(l) = 5*l**2 - 3*l - 9. Let k = 3881 + -3848. Calculate the remainder when r(-5) is divided by k.
32
Let w(b) = -12*b - 11*b + 37*b - 11*b - 15*b - 12. Suppose l = -t, -t + 0 - 8 = -3*l. Calculate the remainder when 18 is divided by w(t).
6
Suppose 3*u - 5*p = -98, -5*p + 143 = 4*u - 363 + 345. Let v be (-7)/3 - 1/(-3). Calculate the remainder when -2*(17/v - 0) is divided by u.
8
Suppose 0 = 3*f - 4*b - 56, -3*f - b + 19 = -57. Suppose -3*h + 117 + f = 0. What is the remainder when h is divided by 0 + 14 + 1 + -2?
8
Let b = -11234 + 11258. Let g be 0 + 2/(-2) - -76. Let w = g - b. What is the remainder when w is divided by 13?
12
Let o = -25 - -46. Suppose 0 = -106*s - 677 + 2479. Calculate the remainder when o is divided by s.
4
Let m(t) = -156*t**3 - t**2 + 2. What is the remainder when 615 is divided by m(-1)?
144
Calculate the remainder when (0 - 1374/(-8))*(673 - 669) is divided by 27.
12
Let g = -52 - -55. Suppose -g*b + 684 = 591. What is the remainder when 139 is divided by b?
15
Let m = -27914 - -27930. What is the remainder when 2248 is divided by m?
8
Suppose 19*j - 8*j - 2618 = 0. Suppose 4*h - r - 4*r - 250 = 0, 4*r - 232 = -4*h. Calculate the remainder when j is divided by h.
58
Suppose -13*d + 276 + 314 = -736. What is the remainder when 212 is divided by d?
8
Let w be ((-7)/(-2))/(-7)*314. Let i = 361 + w. Calculate the remainder when i is divided by 42.
36
Let z(v) = -v**3 + 13*v**2 - 32*v + 23. Let l be z(10). What is the remainder when 144 is divided by 85/l - 2*(-6)/18?
28
Suppose 107*y - 228*y = -5445. What is the remainder when 1273 is divided by y?
13
Let w(t) be the first derivative of -4*t**2 - 8*t + 23. Calculate the remainder when 83 is divided by w(-4).
11
Let s be (11/3 - 4)*-15. Suppose -s*u = -181 - 169. Suppose -3 = -5*o + 57. What is the remainder when u is divided by o?
10
Let n = 79 + 44. Let j = 38 - n. Let b = -46 - j. What is the remainder when b is divided by 8?
7
Let y(x) be the first derivative of 17*x**4/2 + 2*x**3/3 - x**2/2 - x + 12. Calculate the remainder when 128 is divided by y(1).
26
Let j(z) = z**3 + 6*z**2 - 9*z - 8. Calculate the remainder when 4 - (-1)/(10/30 - 0) is divided by j(-7).
1
Let d = -1546 - -3026. What is the remainder when d is divided by 39?
37
Let y = 2 + 1. Suppose y*f - 37 = -u, 3*u - 27 = -5*f + 3*f. Let g = f + -3. Calculate the remainder when 51 is divided by g.
6
Suppose 30*t + 28*t = 232. Suppose -7*p + t*p + 540 = 0. What is the remainder when p is divided by 22?
4
Let n = -2983 - -3012. What is the remainder when 1459 is divided by n?
9
Suppose 27*y - 22 = 25*y. Suppose 0 = -y*c - 9 + 31. Calculate the remainder when 42 is divided by c.
0
Suppose 36*b = 2218 + 7189 - 1127. What is the remainder when b is divided by 7?
6
Let d = -188 + 178. Let a(h) = -14*h - 111. Calculate the remainder when 462 is divided by a(d).
27
Let v(x) = 94*x - 845. Calculate the remainder when 3986 is divided by v(10).
91
Suppose 0 = -4*g + 3*a + 9851, -g + 9*a + 2470 = a. What is the remainder when g is divided by 59?
43
Let j = -16247 + 16339. Calculate the remainder when 454 is divided by j.
86
Suppose -11*n = 12 - 265. Let j = 41 + n. What is the remainder when 111 is divided by j?
47
Let o = 3388 + -3252. Calculate the remainder when 4079 is divided by o.
135
Suppose -65*m - 22*m + 18666 = 15*m. What is the remainder when m is divided by 49?
36
Calculate the remainder when 1973 is divided by (-2)/(-16) - (-16)/(-512)*-604.
16
Suppose 1059*y = 1097*y - 37544. Calculate the remainder when y is divided by 264.
196
Suppose 0 = -3*p + 243 - 87. Suppose -p = 42*z - 44*z. What is the remainder when z is divided by 15?
11
Let v(t) = t**2 + 3*t + 7. Let j = -435 + 439. Suppose u + 45 = j*l, -2*l + 4*u = 8*u. What is the remainder when v(-5) is divided by l?
7
Let n = 1877 + -1868. Calculate the remainder when 420 is divided by n.
6
Let j = 63 + -65. Let q be ((1 + -2)/j)/((-4)/(-40)). Suppose 4*z - 58 = 5*x, -q*z + 0*z + 50 = 5*x. What is the remainder when 22 is divided by z?
10
Let s(h) = -826*h + 14874. Let y(u) be the first derivative of 3*u**2/2 + 4*u + 1. What is the remainder when y(4) is divided by s(18)?
4
Suppose -1982 = -29*r - 17671. Let q = -517 - r. Calculate the remainder when q is divided by 13.
11
Let g be 1 + (-2)/4 + 129/6. Let j = 249 - g. Calculate the remainder when j is divided by 77.
73
Let c(m) = 2*m**2 - 12*m - 3. Let b be c(6). What is the remainder when (-9 - b) + 62 + -3 is divided by 6?
5
Suppose -129 = -21*t + 60. Calculate the remainder when 7722/t - (-2 + -4) is divided by 17.
14
Suppose 0 = -9*p + 5*p + 12. Suppose p*r + 66 + 169 = k, -4*r + 2*k = 310. What is the remainder when r/(-8)*2/2 is divided by 8?
2
Let y = -20851 + 24838. What is the remainder when y is divided by 18?
9
Let h(d) = 2*d**2 + 7*d. Let c be h(-6)